he hundreds digit of 145375301?
3
What is the hundreds digit of 119791101?
1
What is the hundred thousands digit of 5281336402?
3
What is the thousands digit of 101371624?
1
What is the thousands digit of 2173918597?
8
What is the units digit of 1015332584?
4
What is the hundred thousands digit of 311164100?
1
What is the tens digit of 5208635231?
3
What is the ten millions digit of 80005283?
8
What is the ten millions digit of 280941049?
8
What is the ten thousands digit of 160848747?
4
What is the millions digit of 129742160?
9
What is the hundred millions digit of 692927814?
6
What is the tens digit of 1049052926?
2
What is the thousands digit of 86694861?
4
What is the hundred millions digit of 590374455?
5
What is the hundreds digit of 16595954?
9
What is the ten thousands digit of 684285934?
8
What is the ten millions digit of 657242022?
5
What is the tens digit of 1148061743?
4
What is the millions digit of 28561991?
8
What is the ten millions digit of 1108053340?
0
What is the units digit of 118729875?
5
What is the thousands digit of 89317097?
7
What is the hundred millions digit of 865100990?
8
What is the billions digit of 4037488217?
4
What is the millions digit of 2267827624?
7
What is the units digit of 2748217261?
1
What is the hundred thousands digit of 3313917292?
9
What is the thousands digit of 203998060?
8
What is the billions digit of 1472764012?
1
What is the billions digit of 2153661025?
2
What is the ten thousands digit of 590378928?
7
What is the hundreds digit of 72953?
9
What is the ten millions digit of 746719855?
4
What is the millions digit of 988657456?
8
What is the ten thousands digit of 19948092?
4
What is the millions digit of 864055767?
4
What is the hundred thousands digit of 16633509?
6
What is the tens digit of 208056565?
6
What is the ten millions digit of 36872051?
3
What is the hundreds digit of 1110257265?
2
What is the hundred millions digit of 2722549297?
7
What is the millions digit of 530511923?
0
What is the tens digit of 54005017?
1
What is the hundred thousands digit of 1145770281?
7
What is the hundreds digit of 2907493507?
5
What is the tens digit of 704841677?
7
What is the units digit of 450589959?
9
What is the units digit of 30565719?
9
What is the thousands digit of 136289865?
9
What is the tens digit of 45763531?
3
What is the tens digit of 23542445?
4
What is the ten thousands digit of 358838816?
3
What is the ten millions digit of 626062652?
2
What is the hundred millions digit of 485857334?
4
What is the hundred thousands digit of 108738259?
7
What is the thousands digit of 409201421?
1
What is the thousands digit of 2416839279?
9
What is the ten thousands digit of 8657146377?
4
What is the millions digit of 672303574?
2
What is the thousands digit of 138945055?
5
What is the billions digit of 2050350590?
2
What is the millions digit of 617068541?
7
What is the millions digit of 114336607?
4
What is the hundred millions digit of 479211053?
4
What is the ten millions digit of 47306489?
4
What is the tens digit of 177409918?
1
What is the ten thousands digit of 215931434?
3
What is the hundreds digit of 109010353?
3
What is the hundred thousands digit of 72064993?
0
What is the hundred thousands digit of 1052856758?
8
What is the tens digit of 427151652?
5
What is the ten millions digit of 436711798?
3
What is the units digit of 212063859?
9
What is the ten thousands digit of 5524287?
2
What is the hundred thousands digit of 1540669908?
6
What is the thousands digit of 774916191?
6
What is the tens digit of 285723495?
9
What is the ten millions digit of 2901678772?
0
What is the hundreds digit of 1027100?
1
What is the hundred thousands digit of 1441917954?
9
What is the millions digit of 51504487?
1
What is the units digit of 477102926?
6
What is the tens digit of 358782396?
9
What is the thousands digit of 370775794?
5
What is the ten millions digit of 1975623544?
7
What is the thousands digit of 2995375740?
5
What is the ten thousands digit of 108791916?
9
What is the hundreds digit of 5430699491?
4
What is the ten thousands digit of 433285459?
8
What is the hundred thousands digit of 2105669453?
6
What is the units digit of 656264511?
1
What is the ten thousands digit of 430231606?
3
What is the units digit of 397719921?
1
What is the hundreds digit of 773250888?
8
What is the thousands digit of 832932227?
2
What is the tens digit of 1592047172?
7
What is the ten millions digit of 5010219591?
1
What is the tens digit of 92090447?
4
What is the ten millions digit of 3960370552?
6
What is the millions digit of 3002977062?
2
What is the thousands digit of 462247111?
7
What is the hundred thousands digit of 82430872?
4
What is the units digit of 452858486?
6
What is the hundred thousands digit of 83419925?
4
What is the ten millions digit of 1022342963?
2
What is the units digit of 82411951?
1
What is the hundreds digit of 19404531?
5
What is the units digit of 160151012?
2
What is the millions digit of 72123127?
2
What is the millions digit of 28330106?
8
What is the millions digit of 5004397?
5
What is the thousands digit of 237158308?
8
What is the tens digit of 72540874?
7
What is the ten thousands digit of 52766910?
6
What is the hundreds digit of 309191607?
6
What is the millions digit of 245125134?
5
What is the hundred millions digit of 4260818324?
2
What is the tens digit of 567088719?
1
What is the ten thousands digit of 567725787?
2
What is the ten millions digit of 2532490626?
3
What is the ten thousands digit of 779587656?
8
What is the hundred thousands digit of 3702103629?
1
What is the hundreds digit of 2980424079?
0
What is the millions digit of 199196322?
9
What is the tens digit of 145680655?
5
What is the ten thousands digit of 1548602767?
0
What is the units digit of 1106866948?
8
What is the ten thousands digit of 1879197157?
9
What is the ten millions digit of 1502409371?
0
What is the ten thousands digit of 14776588?
7
What is the ten millions digit of 566579313?
6
What is the thousands digit of 25590905?
0
What is the hundred thousands digit of 1045439549?
4
What is the ten millions digit of 23004778?
2
What is the ten thousands digit of 2032602350?
0
What is the thousands digit of 125969739?
9
What is the millions digit of 170834451?
0
What is the millions digit of 66657040?
6
What is the millions digit of 276572977?
6
What is the thousands digit of 184486822?
6
What is the hundreds digit of 41151215?
2
What is the tens digit of 237827377?
7
What is the hundred millions digit of 390929227?
3
What is the tens digit of 738443369?
6
What is the hundred millions digit of 193555501?
1
What is the hundred thousands digit of 110846460?
8
What is the hundred thousands digit of 48318710?
3
What is the millions digit of 30286985?
0
What is the ten thousands digit of 578071807?
7
What is the ten millions digit of 976499726?
7
What is the units digit of 920573017?
7
What is the hundred thousands digit of 7633296?
6
What is the thousands digit of 536860309?
0
What is the units digit of 138764625?
5
What is the hundreds digit of 30927055?
0
What is the hundreds digit of 45631494?
4
What is the thousands digit of 34849464?
9
What is the ten thousands digit of 41922874?
2
What is the ten millions digit of 425178948?
2
What is the units digit of 11323976?
6
What is the hundred thousands digit of 4188418571?
4
What is the hundred millions digit of 294368958?
2
What is the hundred thousands digit of 257585201?
5
What is the billions digit of 3768869016?
3
What is the hundred thousands digit of 19554502?
5
What is the ten millions digit of 5144237422?
4
What is the hundreds digit of 5818776246?
2
What is the units digit of 467541274?
4
What is the billions digit of 6664587236?
6
What is the ten thousands digit of 42814063?
1
What is the hundred millions digit of 5435484979?
4
What is the ten thousands digit of 86100519?
0
What is the thousands digit of 34912743?
2
What is the ten millions digit of 18894085?
1
What is the hundreds digit of 45034161?
1
What is the millions digit of 49317435?
9
What is the units digit of 5075714?
4
What is the hundreds digit of 356403123?
1
What is the units digit of 6398492269?
9
What is the thousands digit of 6750926333?
6
What is the ten mil